{"id":60,"date":"2020-02-27T14:27:25","date_gmt":"2020-02-27T14:27:25","guid":{"rendered":"https:\/\/sommerfeldkosmetik.de\/?page_id=60"},"modified":"2020-03-25T13:10:57","modified_gmt":"2020-03-25T13:10:57","slug":"kontakt","status":"publish","type":"page","link":"https:\/\/sommerfeldkosmetik.de\/?page_id=60","title":{"rendered":"Kontakt"},"content":{"rendered":"<p><strong>Sommerfeld Kosmetik<\/strong><br \/>\nAnna Sommerfeld <em>Staatlich anerkannte Kosmetikerin<\/em><br \/>\nWernsdorfer Stra\u00dfe 9, 12527 Berlin &#8211; Schm\u00f6ckwitz, gegen\u00fcber der Kirche<\/p>\n<p>Die Sommerfeld Kosmetik befindet in der N\u00e4he der\u00a0Endhaltestelle der <strong>TRAM 68<\/strong>,<br \/>\nder Haltestellen der<strong> Busse 168\u00a0<\/strong>sowie <strong>733.<\/strong><\/p>\n<p>Telefon\/Fax:\u00a0<strong>030 6757674<\/strong><br \/>\nE-Mail: <a href=\"mailto:sommerfeldkosmetik@gmx.de\">sommerfeldkosmetik(at)gmx.de<\/a><\/p>\n<p><strong>\u00d6ffnungszeiten:<\/strong><br \/>\nDienstag &#8211; Freitag von 9 bis 18 Uhr<br \/>\nSamstag von 9 bis 12 Uhr<br \/>\nund nach Vereinbarung &#8211; Hausbesuche sind m\u00f6glich<\/p>\n","protected":false},"excerpt":{"rendered":"<p>Sommerfeld Kosmetik Anna Sommerfeld Staatlich anerkannte Kosmetikerin Wernsdorfer Stra\u00dfe 9, 12527 Berlin &#8211; Schm\u00f6ckwitz, gegen\u00fcber der Kirche Die Sommerfeld Kosmetik befindet in der N\u00e4he der\u00a0Endhaltestelle der TRAM 68, der Haltestellen der Busse 168\u00a0sowie 733. Telefon\/Fax:\u00a0030 &hellip; <a href=\"https:\/\/sommerfeldkosmetik.de\/?page_id=60\">Weiterlesen<\/a><\/p>\n","protected":false},"author":1,"featured_media":0,"parent":0,"menu_order":6,"comment_status":"closed","ping_status":"closed","template":"","meta":[],"_links":{"self":[{"href":"https:\/\/sommerfeldkosmetik.de\/index.php?rest_route=\/wp\/v2\/pages\/60"}],"collection":[{"href":"https:\/\/sommerfeldkosmetik.de\/index.php?rest_route=\/wp\/v2\/pages"}],"about":[{"href":"https:\/\/sommerfeldkosmetik.de\/index.php?rest_route=\/wp\/v2\/types\/page"}],"author":[{"embeddable":true,"href":"https:\/\/sommerfeldkosmetik.de\/index.php?rest_route=\/wp\/v2\/users\/1"}],"replies":[{"embeddable":true,"href":"https:\/\/sommerfeldkosmetik.de\/index.php?rest_route=%2Fwp%2Fv2%2Fcomments&post=60"}],"version-history":[{"count":12,"href":"https:\/\/sommerfeldkosmetik.de\/index.php?rest_route=\/wp\/v2\/pages\/60\/revisions"}],"predecessor-version":[{"id":355,"href":"https:\/\/sommerfeldkosmetik.de\/index.php?rest_route=\/wp\/v2\/pages\/60\/revisions\/355"}],"wp:attachment":[{"href":"https:\/\/sommerfeldkosmetik.de\/index.php?rest_route=%2Fwp%2Fv2%2Fmedia&parent=60"}],"curies":[{"name":"wp","href":"https:\/\/api.w.org\/{rel}","templated":true}]}}

<p><strong>Sommerfeld Kosmetik</strong><br />
Anna Sommerfeld <em>Staatlich anerkannte Kosmetikerin</em><br />
Wernsdorfer Straße 9, 12527 Berlin &#8211; Schmöckwitz, gegenüber der Kirche</p>
<p>Die Sommerfeld Kosmetik befindet in der Nähe der Endhaltestelle der <strong>TRAM 68</strong>,<br />
der Haltestellen der<strong> Busse 168 </strong>sowie <strong>733.</strong></p>
<p>Telefon/Fax: <strong>030 6757674</strong><br />
E-Mail: <a href="mailto:sommerfeldkosmetik@gmx.de">sommerfeldkosmetik(at)gmx.de</a></p>
<p><strong>Öffnungszeiten:</strong><br />
Dienstag &#8211; Freitag von 9 bis 18 Uhr<br />
Samstag von 9 bis 12 Uhr<br />
und nach Vereinbarung &#8211; Hausbesuche sind möglich</p>

<p>Sommerfeld Kosmetik Anna Sommerfeld Staatlich anerkannte Kosmetikerin Wernsdorfer Straße 9, 12527 Berlin &#8211; Schmöckwitz, gegenüber der Kirche Die Sommerfeld Kosmetik befindet in der Nähe der Endhaltestelle der TRAM 68, der Haltestellen der Busse 168 sowie 733. Telefon/Fax: 030 &hellip; <a href="https://sommerfeldkosmetik.de/?page_id=60">Weiterlesen</a></p>
